{"id":64,"date":"2021-01-17T14:35:34","date_gmt":"2021-01-17T14:35:34","guid":{"rendered":"https:\/\/lacoucourde-mairie.com\/?page_id=64"},"modified":"2025-12-08T13:41:55","modified_gmt":"2025-12-08T13:41:55","slug":"ecole","status":"publish","type":"page","link":"https:\/\/lacoucourde-mairie.com\/ecole\/","title":{"rendered":"Ecole"},"content":{"rendered":"\n<p>Directrice <strong>SALINAS <\/strong>Claire &#8211; Ann\u00e9e scolaire 2025-2026.<\/p>\n\n\n\n<figure class=\"wp-block-image size-full is-resized is-style-default\"><img loading=\"lazy\" decoding=\"async\" width=\"676\" height=\"410\" src=\"https:\/\/lacoucourde-mairie.com\/wp-content\/uploads\/2025\/12\/TRVX-securite.jpg\" alt=\"\" class=\"wp-image-3721\" style=\"width:501px;height:auto\" srcset=\"https:\/\/lacoucourde-mairie.com\/wp-content\/uploads\/2025\/12\/TRVX-securite.jpg 676w, https:\/\/lacoucourde-mairie.com\/wp-content\/uploads\/2025\/12\/TRVX-securite-300x182.jpg 300w\" sizes=\"auto, (max-width: 676px) 100vw, 676px\" \/><\/figure>\n\n\n\n<div class=\"wp-block-columns is-layout-flex wp-container-core-columns-is-layout-9d6595d7 wp-block-columns-is-layout-flex\">\n<div class=\"wp-block-column is-layout-flow wp-block-column-is-layout-flow\">\n<p>CLASSE <em>MATERNELLE<\/em><br>Mme <strong>GIRAUD<\/strong> M\u00e9lanie: PS 5, MS 7 et GS 8<br>Mme <strong> VALLET <\/strong>C\u00e9lia : PS 9 et MS 11<\/p>\n\n\n\n<p>CLASSE <em>\u00c9L\u00c9MENTAIRE<\/em><\/p>\n\n\n\n<p>Mme<strong> DUCARRE<\/strong> Maud :CP 6 et  CE1 11<br>Mme <strong>JUIF<\/strong> Laurence : CE2 7 et CM2 13 <br>Mme <strong>ROUVIERE<\/strong> Ludivine: CP 17 <br>Mme <strong>SALINAS<\/strong> Claire : CE2 8 et CM1 14<br>Contact : <strong>04 75 90 08 27<\/strong><\/p>\n<\/div>\n\n\n\n<div class=\"wp-block-column is-layout-flow wp-block-column-is-layout-flow\">\n<p class=\"has-text-align-right\"><a href=\"https:\/\/www.lacoucourde-mairie.com\/datas\/ecole\/Depliant_periscolaire.pdf\">D\u00e9pliant p\u00e9riscolaire<\/a><br><a href=\"https:\/\/www.lacoucourde-mairie.com\/datas\/ecole\/\/Projet_educatif.pdf\">Projet \u00e9ducatif<\/a><br><a rel=\"noreferrer noopener\" href=\"https:\/\/www.lacoucourde-mairie.com\/datas\/ecole\/Menus_cantine.pdf\" target=\"_blank\">Menus de la cantine<\/a><br><a rel=\"noreferrer noopener\" href=\"https:\/\/www.espace-citoyens.net\/montelimar-agglo\/espace-citoyens\/\" target=\"_blank\">Agglo&nbsp;Portail&nbsp;Famille<\/a><\/p>\n<\/div>\n<\/div>\n","protected":false},"excerpt":{"rendered":"<p>Directrice SALINAS Claire &#8211; Ann\u00e9e scolaire 2025-2026. CLASSE MATERNELLEMme GIRAUD M\u00e9lanie: PS 5, MS 7 et GS 8Mme VALLET C\u00e9lia : PS 9 et MS 11 CLASSE \u00c9L\u00c9MENTAIRE Mme DUCARRE Maud :CP 6 et CE1 11Mme JUIF Laurence : CE2 7 et CM2 13 Mme ROUVIERE Ludivine: CP 17 Mme SALINAS Claire : CE2 8&hellip; <br \/> <a class=\"read-more\" href=\"https:\/\/lacoucourde-mairie.com\/ecole\/\">Lire la suite<\/a><\/p>\n","protected":false},"author":1,"featured_media":34,"parent":0,"menu_order":0,"comment_status":"closed","ping_status":"closed","template":"","meta":{"footnotes":""},"class_list":["post-64","page","type-page","status-publish","has-post-thumbnail","hentry"],"_links":{"self":[{"href":"https:\/\/lacoucourde-mairie.com\/wp-json\/wp\/v2\/pages\/64","targetHints":{"allow":["GET"]}}],"collection":[{"href":"https:\/\/lacoucourde-mairie.com\/wp-json\/wp\/v2\/pages"}],"about":[{"href":"https:\/\/lacoucourde-mairie.com\/wp-json\/wp\/v2\/types\/page"}],"author":[{"embeddable":true,"href":"https:\/\/lacoucourde-mairie.com\/wp-json\/wp\/v2\/users\/1"}],"replies":[{"embeddable":true,"href":"https:\/\/lacoucourde-mairie.com\/wp-json\/wp\/v2\/comments?post=64"}],"version-history":[{"count":29,"href":"https:\/\/lacoucourde-mairie.com\/wp-json\/wp\/v2\/pages\/64\/revisions"}],"predecessor-version":[{"id":3726,"href":"https:\/\/lacoucourde-mairie.com\/wp-json\/wp\/v2\/pages\/64\/revisions\/3726"}],"wp:featuredmedia":[{"embeddable":true,"href":"https:\/\/lacoucourde-mairie.com\/wp-json\/wp\/v2\/media\/34"}],"wp:attachment":[{"href":"https:\/\/lacoucourde-mairie.com\/wp-json\/wp\/v2\/media?parent=64"}],"curies":[{"name":"wp","href":"https:\/\/api.w.org\/{rel}","templated":true}]}}